et y(a) = a**2 - 19*a + 20. Let m(j) = 18*j**3 - j**2 + 2*j - 1. Let v be m(1). Let h be y(v). What are the prime factors of (-2)/h*(-14 - 17)?
31
Let i = -978 + 12362. What are the prime factors of i?
2, 1423
Let p = 616 + -450. Suppose -3*y = -p - 1541. List the prime factors of y.
569
Suppose 228*c = -223*c + 1679691 + 4868829. List the prime factors of c.
2, 3, 5, 11
Suppose 0 = -4*r + 3*h - 0*h + 26, 38 = 4*r + 3*h. Suppose 2*t - r*t = -18. Suppose -y - 3*y = z - 85, -t = -3*z. List the prime factors of y.
3, 7
Let k(p) = -p**2 - 18*p + 9. Let a be k(-18). Suppose a*j = 6*j - 21. Let f = j + 149. What are the prime factors of f?
2, 71
Suppose u = -4*n + 12119, -3*n + 9088 = -0*n + 2*u. Let f = n + -1529. What are the prime factors of f?
19, 79
Let i(y) = 2126*y**2 - 118*y - 349. What are the prime factors of i(-3)?
19139
Suppose -5*v - 3*z - 95 = 0, 15 = 2*z - 5*z. Let q = 171 - v. List the prime factors of q.
11, 17
Suppose -16*o + o = 15. List the prime factors of 551 - o - (-10 - (-7 - 1)).
2, 277
Suppose 2*f = 0, -4*g + 2*g + 4*f = 316. Let r = g - -373. List the prime factors of r.
5, 43
Suppose 3*g + 17 = 32. Suppose -1485 = -10*m + g*m. Suppose m = 3*c + 3*p + 54, 0 = 5*c - 3*p - 445. List the prime factors of c.
2, 43
Let q(n) be the first derivative of n**3/3 + n**2/2 + 637*n - 69. List the prime factors of q(0).
7, 13
Suppose 3*z = -2*r + 35309, -r + 13*z + 17622 = 8*z. List the prime factors of r.
7, 2521
Let x(w) = -w**3 - 5*w**2 - 2*w + 8. Let o be x(-4). Suppose -25*b + 21*b + 16 = o. List the prime factors of b.
2
Suppose 3*l - 6245 = 5*y, -194 = -2*l - 5*y + 4011. Let s = -1479 + l. What are the prime factors of s?
13, 47
Suppose -3*v + 8573 + 18309 = -d, -3*v + 5*d = -26878. List the prime factors of v.
3, 29, 103
Suppose -11 = -u + 52. Let m be 8/12*(-9)/(-3). Suppose -m*v + u = -v. List the prime factors of v.
3, 7
Let x(u) = -263*u + 17. What are the prime factors of x(-51)?
2, 5, 17, 79
Let v(l) = -16*l - 30. Let u(t) = 9*t + 14. Let o(r) = -7*u(r) - 3*v(r). What are the prime factors of o(-35)?
11, 47
Suppose 5*f + 0*f = -u - 10, u - 14 = f. What are the prime factors of (-2)/(u/(-25)) - -483?
2, 61
Let j = 179 - 57. Let y(d) = d**3 - 12*d**2 + 13*d + 15. Let p be y(10). Let h = j + p. List the prime factors of h.
67
Suppose u = 3*j - 122238, -2*j - 244458 = -8*j + 5*u. List the prime factors of j.
2, 61, 167
Suppose -2*f + 14072 = -256*p + 260*p, -7020 = -f - 6*p. What are the prime factors of f?
2, 3, 587
Let y = 50 + -46. Suppose 10 = -j - y*c, -6*c = 5*j - 2*c + 2. Suppose 5*o + 4*h - 103 = 0, j*o - 5*o + 4*h + 49 = 0. List the prime factors of o.
19
Suppose -31*u - 3*k - 2061 = -36*u, -2*u + 2*k + 822 = 0. Let a = 668 - u. What are the prime factors of a?
2, 127
Suppose -3*o = 13*o - 9824. Let u = 1091 - o. List the prime factors of u.
3, 53
Suppose 6*g - 11 = 1. Let i(b) = 0 + 3 + 10*b + 3*b + 5*b**2 - 4*b**g. What are the prime factors of i(-14)?
17
Suppose 3*v - 4548 = -0*v. Let t = v + -1017. Let n = -338 + t. List the prime factors of n.
7, 23
Let w(t) = 214*t**2 + 10*t - 18. What are the prime factors of w(2)?
2, 3, 11, 13
List the prime factors of 1054 + (-80)/(-176)*11.
3, 353
Suppose -157*d + 79*d - 660366 = -99*d. List the prime factors of d.
2, 3, 1747
Let w be (4 - 1)/((-6)/20). Let t(n) = 2*n**3 + 24*n**2 - 4*n - 11. Let f be t(w). Let l = -265 + f. List the prime factors of l.
2, 41
Let z(b) = -29*b - 1991. Let j be z(-68). Let a(c) = c**2 - c - 1. Let p(q) = -5*q**2 + 25*q - 23. Let y(i) = -6*a(i) - p(i). List the prime factors of y(j).
29
Suppose 5*q + 9 + 66 = 0. Let a be 174/q + 2 - (-4)/(-10). List the prime factors of a/(-5)*(76 + -3).
2, 73
Let n be ((-7)/(35/(-15)))/(6/(-296)). Let y = 151 + n. Suppose -w - 5*b - 121 = -y*w, -4*b = 4. List the prime factors of w.
2, 29
Let p(g) = 1004*g - 142. What are the prime factors of p(7)?
2, 11, 313
Suppose 33877 = 4*h + 3*n, -4*h - 6*n + 10*n + 33884 = 0. What are the prime factors of h?
2, 5, 7, 11
Suppose -2*p = -15*p + 189827 + 36334. List the prime factors of p.
3, 1933
List the prime factors of 10257/26*(-1)/((-12)/(-8))*-19.
19, 263
Let k be 4 + (-208)/4*20/(-1). Suppose -k = -2*f - 4*f. List the prime factors of f.
2, 3, 29
Suppose -202 = -5*f + 3*c + c, -3*c - 199 = -5*f. Let g(i) = i**2 - 29*i + 175. List the prime factors of g(f).
11, 47
Suppose m = z - 3011, 0 = -3*z + 12*m - 14*m + 9048. List the prime factors of z.
2, 11, 137
Let c(a) = 769*a - 29. Let s(j) = 384*j - 14. Let b(m) = 3*c(m) - 5*s(m). What are the prime factors of b(1)?
2, 5, 37
Let y(m) = -4725*m - 4112. What are the prime factors of y(-11)?
23, 2081
Let p = 26402 - 9868. List the prime factors of p.
2, 7, 1181
Let l(c) = c**3 + 38*c**2 - 3*c - 77. Let a be l(-38). Suppose 7*m - a*m + 49860 = 0. List the prime factors of m.
2, 3, 277
Suppose -a + 5*i - 13 = 36, -46 = a - 2*i. List the prime factors of (-12)/(-66) + (-1444)/a + 3.
2, 3
Suppose 3*u - q - 13 = -0, 0 = -5*u - 2*q + 29. Suppose 0 = -o, 5*p - 1815 = -0*p + u*o. List the prime factors of p.
3, 11
Suppose -x - 4*x = 3*n - 57406, -x = 4*n - 76564. What are the prime factors of n?
2, 17, 563
Suppose -2*x - 5*u + 34 = x, u + 4 = 3*x. Suppose -30 = -x*s - 2*s. Suppose -41 = s*k - 7*k. What are the prime factors of k?
41
Suppose -45*u = -53*u + 16. List the prime factors of u/22 + (-82800)/(-88).
941
Suppose 0 = 5*s + 5*z + 9710, -7*z = -s - 4*z - 1930. Let k = s + 2768. List the prime factors of k.
829
Let j(f) = 122*f**2 - 371*f + 11. What are the prime factors of j(10)?
8501
Let v be 32/256 + 5358/16. Suppose -v = -2*x - 5. List the prime factors of x.
3, 5, 11
Suppose 57*h - 319 = 46*h. Suppose 8569 = -18*p + h*p. List the prime factors of p.
19, 41
Suppose 3 = -4*y + 19. Suppose -4*t + 4 = -16. Suppose -g + 4*k + 140 = y*g, 0 = -t*k. List the prime factors of g.
2, 7
Suppose -2*u + 16 = 4*n, 10 - 56 = -2*u + 2*n. Suppose 513 = g - 4*s, -20*g + 1050 = -u*g + 4*s. List the prime factors of g.
521
Suppose 0 = 69*o - 22198 - 20306. What are the prime factors of o?
2, 7, 11
Let p(t) = -3*t**2 + 460*t + 1087. What are the prime factors of p(105)?
2, 2039
Suppose 2*c - 7706 = j, 3*j = c - 647 - 3201. List the prime factors of c.
2, 41, 47
Let k be 1 + (0 - 0) - 0 - -6. Let r = k + 140. What are the prime factors of r?
3, 7
Let l(p) = 3*p**2 + 2*p - 19. Let k be (-1274)/(-63) + 4/54*-3. Let s be 15/k + (-54)/8. List the prime factors of l(s).
7, 11
Let m = 49161 - 19317. List the prime factors of m.
2, 3, 829
Suppose 315*y = 353*y - 1866604 - 792104. What are the prime factors of y?
2, 3, 13, 23
Suppose 4*d - 2*h = -7*h + 7521, 2*h = -2*d + 3758. Suppose 2251 = 11*w - d. What are the prime factors of w?
3, 5
Suppose 3*g = 6*g + 57. Let w(a) = 4*a**2 + 52*a - 62. What are the prime factors of w(g)?
2, 197
Let r be 220 - (-4 + 0/(-4)). Let b = 432 - r. Let x = -122 + b. List the prime factors of x.
2, 43
Suppose -416*m + 2154 = -415*m. What are the prime factors of m?
2, 3, 359
Let z be ((-45)/(-10) - 4)*34. Suppose 0 = 5*n - 5*s + 20 - 5, -z = -n - 3*s. Suppose 3*y + 3*p - 451 = n*p, -p = -5*y + 757. What are the prime factors of y?
151
Let j(a) = 428*a**2 + 84*a - 441. List the prime factors of j(5).
59, 181
Let r(t) = 4*t - 5. Let k be r(14). Let d = k + -60. Let x(j) = j**3 + 9*j**2 - 6*j + 19. What are the prime factors of x(d)?
73
Suppose -26*i = -29*i - 3426. Let j = i - -1634. What are the prime factors of j?
2, 3, 41
Let l = -13 + -14. Let f be -202*2/4 + 3. Let z = l - f. What are the prime factors of z?
71
Suppose -9*z - 6*z = -345 - 53910. What are the prime factors of z?
3617
List the prime factors of ((-2)/(-2) - 39600)/(50 + -51).
7, 5657
Suppose 2*n = -2379*z + 2375*z + 6788, -5*z + 13558 = 4*n. What are the prime factors of n?
2, 19, 89
Suppose 0 = 2*i + 3*i + 5*p - 40205, i - 8047 = 2*p. Suppose -8*b + i = 13*b. What are the prime factors of b?
383
Let i(c) = -c**3 + 21*c**2 + 22*c. Let w be i(22). Suppose -f - 2*m + 43 + 49 = w, f - 87 = 3*m. What are the prime factors of f?
2, 3, 5
Let g(k) = 19*k - 165. Let f be g(29). List the prime factors of f + -21 - 1*3.
2, 181
Suppose 21*z = -2*d + 24*z + 8253, 5*z - 4120 = -d. What are the prime factors of d?
3, 5, 11
What are the prime factors of (-76 - -1